{"id":1893,"date":"2024-02-07T10:36:42","date_gmt":"2024-02-07T09:36:42","guid":{"rendered":"https:\/\/www.tambourcabaret.com\/?page_id=1893"},"modified":"2024-02-07T18:09:46","modified_gmt":"2024-02-07T17:09:46","slug":"politique-de-confidentialite","status":"publish","type":"page","link":"https:\/\/www.tambourcabaret.com\/index.php\/politique-de-confidentialite\/","title":{"rendered":"Politique de confidentialit\u00e9"},"content":{"rendered":"\n<h4 class=\"wp-block-heading\">Introduction<\/h4>\n\n\n\n<p>Devant le d\u00e9veloppement des nouveaux outils de communication, il est n\u00e9cessaire de porter une attention particuli\u00e8re \u00e0 la protection de la vie priv\u00e9e. C\u2019est pourquoi, nous nous engageons \u00e0 respecter la confidentialit\u00e9 des renseignements personnels que nous collectons. Pour toute information compl\u00e9mentaire sur la protection des donn\u00e9es personnelles, nous vous invitons \u00e0 consulter le site : <a href=\"https:\/\/www.cnil.fr\/\" target=\"_blank\" rel=\"noreferrer noopener\">https:\/\/www.cnil.fr\/<\/a> La poursuite de la navigation sur ce site vaut acceptation sans r\u00e9serve des dispositions et conditions d\u2019utilisation qui suivent. Vous acceptez l\u2019utilisation de cookies et autres traceurs. En cas de refus, veuillez cliquer sur le lien suivant : <a href=\"https:\/\/www.cnil.fr\/fr\/cookies-les-outils-pour-les-maitriser\" target=\"_blank\" rel=\"noreferrer noopener\">https:\/\/www.cnil.fr\/fr\/cookies-les-outils-pour-les-maitriser<\/a> La version actuellement en ligne de ces conditions d\u2019utilisation est la seule opposable pendant toute la dur\u00e9e d\u2019utilisation du site et jusqu\u2019\u00e0 ce qu\u2019une nouvelle version la remplace.<\/p>\n\n\n\n<h4 class=\"wp-block-heading\">D\u00e9finitions<\/h4>\n\n\n\n<p><strong>L\u2019\u00c9diteur<\/strong> : La personne, physique ou morale, qui \u00e9dite les services de communication au public en ligne. SAS Cabaret le tambour,  7 du pont des Bernes 50550 St Vaast la Hougue. T\u00e9l : 02 33 20 30 97<\/p>\n\n\n\n<p><strong>Le Site<\/strong> : L\u2019ensemble des sites, pages Internet et services en ligne propos\u00e9s par l\u2019\u00c9diteur.<\/p>\n\n\n\n<p><strong>L\u2019Utilisateur<\/strong> : La personne utilisant le Site et les services.<\/p>\n\n\n\n<h4 class=\"wp-block-heading\">Acc\u00e8s au site<\/h4>\n\n\n\n<p>L\u2019acc\u00e8s au site et son utilisation sont r\u00e9serv\u00e9s \u00e0 un usage strictement personnel. Vous vous engagez \u00e0 ne pas utiliser ce site et les informations ou donn\u00e9es qui y figurent \u00e0 des fins commerciales, politiques, publicitaires et pour toute forme de sollicitation commerciale et notamment l\u2019envoi de courriers \u00e9lectroniques non sollicit\u00e9s.<\/p>\n\n\n\n<h4 class=\"wp-block-heading\">Contenu du site<\/h4>\n\n\n\n<p>Toutes les marques, photographies, textes, commentaires, illustrations, images anim\u00e9es ou non, s\u00e9quences vid\u00e9o, sons, ainsi que toutes les applications informatiques qui pourraient \u00eatre utilis\u00e9es pour faire fonctionner ce site et plus g\u00e9n\u00e9ralement tous les \u00e9l\u00e9ments reproduits ou utilis\u00e9s sur le site sont prot\u00e9g\u00e9s par les lois en vigueur au titre de la propri\u00e9t\u00e9 intellectuelle. Ils sont la propri\u00e9t\u00e9 pleine et enti\u00e8re de l\u2019\u00e9diteur ou de ses partenaires. Toute reproduction, repr\u00e9sentation, utilisation ou adaptation, sous quelque forme que ce soit, de tout ou partie de ces \u00e9l\u00e9ments, y compris les applications informatiques, sans l\u2019accord pr\u00e9alable et \u00e9crit de l\u2019\u00e9diteur, sont strictement interdites. Le fait pour l\u2019\u00e9diteur de ne pas engager de proc\u00e9dure d\u00e8s la prise de connaissance de ces utilisations non autoris\u00e9es ne vaut pas acceptation desdites utilisations et renonciation aux poursuites.<\/p>\n\n\n\n<h4 class=\"wp-block-heading\">Gestion du site<\/h4>\n\n\n\n<p><strong>Pour la bonne gestion du site, l\u2019\u00c9diteur pourra \u00e0 tout moment :<\/strong> \u2013 suspendre, interrompre ou limiter l\u2019acc\u00e8s \u00e0 tout ou partie du site, r\u00e9server l\u2019acc\u00e8s au site, ou \u00e0 certaines parties du site, \u00e0 une cat\u00e9gorie d\u00e9termin\u00e9e d\u2019internautes ; \u2013 supprimer toute information pouvant en perturber le fonctionnement ou entrant en contravention avec les lois nationales ou internationales, ou avec les r\u00e8gles de la N\u00e9tiquette ; \u2013 suspendre le site afin de proc\u00e9der \u00e0 des mises \u00e0 jour.<\/p>\n\n\n\n<h4 class=\"wp-block-heading\">Responsabilit\u00e9s<\/h4>\n\n\n\n<p>La responsabilit\u00e9 de l\u2019\u00c9diteur ne peut \u00eatre engag\u00e9e en cas de d\u00e9faillance, panne, difficult\u00e9 ou interruption de fonctionnement, emp\u00eachant l\u2019acc\u00e8s au site ou \u00e0 une de ses fonctionnalit\u00e9s. Le mat\u00e9riel de connexion au site que vous utilisez est sous votre enti\u00e8re responsabilit\u00e9. Vous devez prendre toutes les mesures appropri\u00e9es pour prot\u00e9ger votre mat\u00e9riel et vos propres donn\u00e9es notamment d\u2019attaques virales par Internet. Vous \u00eates par ailleurs seul responsable des sites et donn\u00e9es que vous consultez. <strong>L\u2019\u00e9diteur ne pourra \u00eatre tenu responsable en cas de poursuites judiciaires \u00e0 votre encontre :<\/strong> \u2013 du fait de l\u2019usage du site ou de tout service accessible via Internet ; \u2013 du fait du non-respect par vous des pr\u00e9sentes conditions g\u00e9n\u00e9rales. L\u2019\u00e9diteur n\u2019est pas responsable des dommages caus\u00e9s \u00e0 vous-m\u00eame, \u00e0 des tiers et\/ou \u00e0 votre \u00e9quipement du fait de votre connexion ou de votre utilisation du site et vous renoncez \u00e0 toute action contre lui de ce fait. Si l\u2019\u00e9diteur venait \u00e0 faire l\u2019objet d\u2019une proc\u00e9dure amiable ou judiciaire \u00e0 raison de votre utilisation du site, il pourra se retourner contre vous pour obtenir l\u2019indemnisation de tous les pr\u00e9judices, sommes, condamnations et frais qui pourraient d\u00e9couler de cette proc\u00e9dure.<\/p>\n\n\n\n<h4 class=\"wp-block-heading\">Politique de confidentialit\u00e9 et protection des donn\u00e9es personnelles<\/h4>\n\n\n\n<p>Nous attachons une importance toute particuli\u00e8re \u00e0 la protection de vos donn\u00e9es personnelles. La pr\u00e9sente politique de confidentialit\u00e9 a vocation \u00e0 d\u00e9tailler de mani\u00e8re transparente la mani\u00e8re dont nous recueillons, stockons, utilisons et divulguons vos donn\u00e9es personnelles lorsque vous utilisez notre site internet. En utilisant le site vous acceptez la pr\u00e9sente politique de confidentialit\u00e9.<\/p>\n\n\n\n<h4 class=\"wp-block-heading\">Nature des donn\u00e9es collect\u00e9es<\/h4>\n\n\n\n<p>Lors de votre navigation sur le site, nous sommes susceptible de recueillir, conform\u00e9ment \u00e0 la l\u00e9gislation applicable et avec votre accord pr\u00e9alable lorsqu\u2019il est requis, des informations relatives \u00e0 vos terminaux ou aux r\u00e9seaux depuis lesquels vous acc\u00e9dez au site, tels que notamment : adresses IP, donn\u00e9es de connexion, types et versions de navigateurs internet utilis\u00e9s, syst\u00e8mes et plateformes d\u2019exploitation et donn\u00e9es concernant votre parcours de navigation sur le site.<\/p>\n\n\n\n<h4 class=\"wp-block-heading\">Gestion des cookies<\/h4>\n\n\n\n<p>Les cookies d\u00e9signent des fichiers susceptibles d\u2019\u00eatre d\u00e9pos\u00e9s sur votre terminal (ordinateur, t\u00e9l\u00e9phone mobile, tablette\u2026), par le serveur du site visit\u00e9 ou par un serveur tiers. Conform\u00e9ment \u00e0 la directive ePrivacy (ePR), qui s\u2019inscrit dans le cadre du r\u00e8glement g\u00e9n\u00e9ral sur la protection des donn\u00e9es (RGPD), les cookies non essentiels au bon fonctionnement d\u2019un site requi\u00e8rent d\u00e9sormais un consentement explicite de l\u2019utilisateur avant de pouvoir \u00eatre d\u00e9pos\u00e9s. Des cookies essentiels au bon fonctionnement d\u2019un site, g\u00e9n\u00e9ralement d\u00e9pos\u00e9s par ce dernier, vont par exemple permettre de m\u00e9moriser le contenu d\u2019un \u00ab&nbsp;panier d\u2019achat&nbsp;\u00bb sur un site marchand, l\u2019identification d\u2019un utilisateur, diverses pr\u00e9f\u00e9rences d\u2019affichage (choix de la langue\u2026), etc., tandis que des cookies non essentiels, g\u00e9n\u00e9ralement d\u00e9pos\u00e9s par des sites tiers, auront pour finalit\u00e9 des op\u00e9rations publicitaires (reciblage, notamment, ou encore \u00e9valuation du retour sur investissement d\u2019une campagne), des mesures d\u2019audience (statistiques de fr\u00e9quentation), etc. <strong>Pour plus d\u2019informations :<\/strong> <a href=\"https:\/\/www.cnil.fr\/fr\/cookies-et-traceurs-que-dit-la-loi\" target=\"_blank\" rel=\"noreferrer noopener\">https:\/\/www.cnil.fr\/fr\/cookies-et-traceurs-que-dit-la-loi<\/a> Vous pouvez revenir sur les choix que vous avez effectu\u00e9s en visitant ce site pour la premi\u00e8re fois en cliquant sur l\u2019ic\u00f4ne \u00ab&nbsp;cadenas&nbsp;\u00bb en bas \u00e0 gauche.<\/p>\n\n\n\n<h4 class=\"wp-block-heading\">Formulaire de contact <\/h4>\n\n\n\n<p>Des renseignements personnels sont collect\u00e9s par le biais des formulaires, \u00e0 savoir :<\/p>\n\n\n\n<ul class=\"wp-block-list\">\n<li>Nom<\/li>\n\n\n\n<li>E-mail<\/li>\n\n\n\n<li>Sujet \/ Projet<\/li>\n\n\n\n<li>T\u00e9l\u00e9phone<\/li>\n\n\n\n<li>Message<\/li>\n<\/ul>\n\n\n\n<p>Nous utilisons les renseignements ainsi collect\u00e9s pour r\u00e9pondre \u00e0 vos demandes.<\/p>\n\n\n\n<h4 class=\"wp-block-heading\">Dur\u00e9e de conservation des donn\u00e9es<\/h4>\n\n\n\n<p>Vos informations personnelles sont conserv\u00e9es uniquement pour le temps correspondant \u00e0 la finalit\u00e9 de la collecte qui ne saurait exc\u00e9der 5 ans.<\/p>\n\n\n\n<h4 class=\"wp-block-heading\">Utilisation et transmission de vos donn\u00e9es personnelles<\/h4>\n\n\n\n<p>Vos donn\u00e9es ne font l\u2019objet d\u2019aucune communication \u00e0 des tiers. Vous \u00eates toutefois inform\u00e9s qu\u2019elles pourront \u00eatre divulgu\u00e9es en application d\u2019une loi, d\u2019un r\u00e8glement ou en vertu d\u2019une d\u00e9cision d\u2019une autorit\u00e9 r\u00e9glementaire ou judiciaire comp\u00e9tente.<\/p>\n\n\n\n<h4 class=\"wp-block-heading\">Les droits que vous avez sur vos donn\u00e9es<\/h4>\n\n\n\n<p>Vous pouvez demander \u00e0 recevoir un fichier contenant toutes les donn\u00e9es personnelles que nous poss\u00e9dons \u00e0 votre sujet. Vous pouvez \u00e9galement demander la suppression des donn\u00e9es personnelles vous concernant.<\/p>\n\n\n\n\t\t<form action=\"https:\/\/www.tambourcabaret.com\/wp-admin\/admin-ajax.php\" method=\"post\" id=\"gdrf-form\">\n\t\t\t<input type=\"hidden\" name=\"action\" value=\"gdrf_data_request\" \/>\n\t\t\t<input type=\"hidden\" name=\"gdrf_data_human_key\" id=\"gdrf_data_human_key\" value=\"20004\" \/>\n\t\t\t<input type=\"hidden\" name=\"gdrf_data_nonce\" id=\"gdrf_data_nonce\" value=\"0a236bb21a\" \/>\n\n\t\t\t\t\t<div class=\"gdrf-field gdrf-field-action\" role=\"radiogroup\" aria-labelledby=\"gdrf-radio-label\">\n\t\t\t\t<p id=\"gdrf-radio-label\">\n\t\t\t\t\tS\u00e9lectionner un type de demande\u00a0:\t\t\t\t<\/p>\n\n\t\t\t\t<input id=\"gdrf-data-type-export\" class=\"gdrf-data-type-input\" type=\"radio\" name=\"gdrf_data_type\" value=\"export_personal_data\" \/>\n\t\t\t\t<label for=\"gdrf-data-type-export\" class=\"gdrf-data-type-label\">\n\t\t\t\t\tExporter mes donn\u00e9es personnelles\t\t\t\t<\/label>\n\t\t\t\t<br \/>\n\t\t\t\t<input id=\"gdrf-data-type-remove\" class=\"gdrf-data-type-input\" type=\"radio\" name=\"gdrf_data_type\" value=\"remove_personal_data\" \/>\n\t\t\t\t<label for=\"gdrf-data-type-remove\" class=\"gdrf-data-type-label\">\n\t\t\t\t\tSupprimer mes donn\u00e9es personnelles\t\t\t\t<\/label>\n\t\t\t<\/div>\n\t\t\n\t\t\t<p class=\"gdrf-field gdrf-field-email\">\n\t\t\t\t<label for=\"gdrf_data_email\">\n\t\t\t\t\tVotre adresse de messagerie (obligatoire)\t\t\t\t<\/label>\n\t\t\t\t<input type=\"email\" id=\"gdrf_data_email\" name=\"gdrf_data_email\" required \/>\n\t\t\t<\/p>\n\n\t\t\t<p class=\"gdrf-field gdrf-field-human\">\n\t\t\t\t<label for=\"gdrf_data_human\">\n\t\t\t\t\tV\u00e9rification antispam (obligatoire)\u00a0:\t\t\t\t\t2\u00a0+\u00a04\u00a0=\u00a0?\t\t\t\t<\/label>\n\t\t\t\t<input type=\"text\" id=\"gdrf_data_human\" name=\"gdrf_data_human\" required \/>\n\t\t\t<\/p>\n\n\t\t\t<p class=\"gdrf-field gdrf-field-submit\">\n\t\t\t\t<input id=\"gdrf-submit-button\" type=\"submit\" class=\"wp-element-button\" value=\"Envoyer la demande\" \/>\n\t\t\t<\/p>\n\t\t<\/form>\n\t\t\n\n\n\n<p><\/p>\n\n\n\n<h4 class=\"wp-block-heading\">Suppression du compte<\/h4>\n\n\n\n<p><strong>Suppression du compte \u00e0 la demande<\/strong> L\u2019Utilisateur a la possibilit\u00e9 de supprimer son Compte \u00e0 tout moment, par simple demande \u00e0 l\u2019\u00c9diteur OU par le menu de suppression de Compte pr\u00e9sent dans les param\u00e8tres du Compte le cas \u00e9ch\u00e9ant. <strong>Suppression du compte en cas de violation des CGU<\/strong> En cas de violation d\u2019une ou de plusieurs dispositions des CGU ou de tout autre document incorpor\u00e9 aux pr\u00e9sentes par r\u00e9f\u00e9rence, l\u2019\u00c9diteur se r\u00e9serve le droit de mettre fin ou restreindre sans aucun avertissement pr\u00e9alable et \u00e0 sa seule discr\u00e9tion, votre usage et acc\u00e8s aux services.<\/p>\n\n\n\n<h4 class=\"wp-block-heading\">Modification des CGU et de la politique de confidentialit\u00e9<\/h4>\n\n\n\n<p>En cas de modification des pr\u00e9sentes CGU, engagement de ne pas baisser le niveau de confidentialit\u00e9 de mani\u00e8re substantielle sans l\u2019information pr\u00e9alable des personnes concern\u00e9es. Nous nous engageons \u00e0 vous informer en cas de modification substantielle des pr\u00e9sentes CGU, et \u00e0 ne pas baisser le niveau de confidentialit\u00e9 de vos donn\u00e9es de mani\u00e8re substantielle sans vous en informer et obtenir votre consentement.<\/p>\n\n\n\n<h4 class=\"wp-block-heading\">L\u00e9gislation<\/h4>\n\n\n\n<p>Nous nous engageons \u00e0 respecter les dispositions l\u00e9gislatives \u00e9nonc\u00e9es dans : Loi 78-17 du 6 janvier 1978 modifi\u00e9e Photographies et repr\u00e9sentation des produits qui pourraient \u00eatre propos\u00e9s. Les photographies de produits, accompagnant leur description, ne sont pas contractuelles et n\u2019engagent pas l\u2019\u00e9diteur.<\/p>\n\n\n\n<h4 class=\"wp-block-heading\">Loi applicable<\/h4>\n\n\n\n<p>Les pr\u00e9sentes conditions d\u2019utilisation du site sont r\u00e9gies par la loi fran\u00e7aise et soumises \u00e0 la comp\u00e9tence des tribunaux du si\u00e8ge social de l\u2019\u00e9diteur, sous r\u00e9serve d\u2019une attribution de comp\u00e9tence sp\u00e9cifique d\u00e9coulant d\u2019un texte de loi ou r\u00e9glementaire particulier.<\/p>\n\n\n\n<h4 class=\"wp-block-heading\">Contactez-nous<\/h4>\n\n\n\n<p>Pour toute question, information sur les produits pr\u00e9sent\u00e9s sur le site, ou concernant le site lui-m\u00eame, vous pouvez laisser un message \u00e0 l\u2019adresse suivante : <a href=\"mailto:contact@tambourcabaret.com\">contact@tambourcabaret.com<\/a><br><em>Date : F\u00e9vrier 2024<\/em><\/p>\n","protected":false},"excerpt":{"rendered":"<p>Introduction Devant le d\u00e9veloppement des nouveaux outils de communication, il est n\u00e9cessaire de porter une attention particuli\u00e8re \u00e0 la protection de la vie priv\u00e9e. C\u2019est pourquoi, nous nous engageons \u00e0 &#8230;<\/p>\n","protected":false},"author":3,"featured_media":0,"parent":0,"menu_order":0,"comment_status":"closed","ping_status":"closed","template":"","meta":{"footnotes":""},"class_list":["post-1893","page","type-page","status-publish","hentry"],"_links":{"self":[{"href":"https:\/\/www.tambourcabaret.com\/index.php\/wp-json\/wp\/v2\/pages\/1893","targetHints":{"allow":["GET"]}}],"collection":[{"href":"https:\/\/www.tambourcabaret.com\/index.php\/wp-json\/wp\/v2\/pages"}],"about":[{"href":"https:\/\/www.tambourcabaret.com\/index.php\/wp-json\/wp\/v2\/types\/page"}],"author":[{"embeddable":true,"href":"https:\/\/www.tambourcabaret.com\/index.php\/wp-json\/wp\/v2\/users\/3"}],"replies":[{"embeddable":true,"href":"https:\/\/www.tambourcabaret.com\/index.php\/wp-json\/wp\/v2\/comments?post=1893"}],"version-history":[{"count":3,"href":"https:\/\/www.tambourcabaret.com\/index.php\/wp-json\/wp\/v2\/pages\/1893\/revisions"}],"predecessor-version":[{"id":1946,"href":"https:\/\/www.tambourcabaret.com\/index.php\/wp-json\/wp\/v2\/pages\/1893\/revisions\/1946"}],"wp:attachment":[{"href":"https:\/\/www.tambourcabaret.com\/index.php\/wp-json\/wp\/v2\/media?parent=1893"}],"curies":[{"name":"wp","href":"https:\/\/api.w.org\/{rel}","templated":true}]}}